{"id":10,"date":"2016-06-21T14:56:01","date_gmt":"2016-06-21T13:56:01","guid":{"rendered":"http:\/\/www.rybari-klasterec.kabel1.cz\/wp1\/?page_id=10"},"modified":"2025-07-07T21:15:28","modified_gmt":"2025-07-07T19:15:28","slug":"popis-reviru","status":"publish","type":"page","link":"http:\/\/www.rybari-klasterec.kabel1.cz\/index.php\/popis-reviru\/","title":{"rendered":"Popis rev\u00edru"},"content":{"rendered":"<p>Rev\u00edr se skl\u00e1d\u00e1 z vodn\u00edch ploch pro sportovn\u00ed rybolov a z rybochovn\u00fdch za\u0159\u00edzen\u00ed.<br \/>\nPopis rev\u00edru 441045 Oh\u0159e-11 je uveden na <a href=\"https:\/\/www.rybsvaz.cz\/beta\/index.php\/reviry\/previry\" target=\"_blank\" rel=\"noopener\">str\u00e1nk\u00e1ch S\u00daS<\/a> a v ryb\u00e1\u0159sk\u00e9m \u0159\u00e1du.<\/p>\n<p>Sportovn\u00ed rybolov:<\/p>\n<ul>\n<li>Oh\u0159e &#8211; od silni\u010dn\u00edho mostu ve Str\u00e1\u017ei po zatopen\u00fd jez mezi Kl\u00e1\u0161tercem a Kadan\u00ed<\/li>\n<li>rybn\u00edk Breitfeldka v Per\u0161tejn\u011b<\/li>\n<li>slep\u00e9 rameno \u0159eky zvan\u00e9 Star\u00e1 t\u016f\u0148 ve Str\u00e1\u017ei nad Oh\u0159\u00ed<\/li>\n<\/ul>\n<p>Rybochovn\u00e1 za\u0159\u00edzen\u00ed:<\/p>\n<ul>\n<li>rybn\u00edk Mikulovice<\/li>\n<li>rybn\u00edk Kyselka<\/li>\n<li>rybn\u00edk Z\u00e1meck\u00fd<\/li>\n<li>rybn\u00edk Pod Chatou ve Str\u00e1\u017ei<\/li>\n<li>chovn\u00fd potok Pekelsk\u00fd &#8211; vede p\u0159es Str\u00e1\u017e do \u0159eky<\/li>\n<li>chovn\u00fd potok Rumel\u016fv (Bo\u010dsk\u00fd) &#8211; p\u0159es Bo\u010d do \u0159eky<\/li>\n<li>chovn\u00fd potok Hu\u010div\u00fd &#8211; vede p\u0159es Vykmanov a Per\u0161tejn do \u0159eky<\/li>\n<li>chovn\u00fd* potok Malodolsk\u00fd &#8211; vede p\u0159es \u00dadol\u00ed\u010dko, vl\u00e9v\u00e1 se do Hu\u010div\u00e9ho<\/li>\n<li>chovn\u00fd* potok \u0160irok\u00fd &#8211; vede p\u0159es Kl\u00e1\u0161terec a z\u00e1meck\u00fd park do \u0159eky<\/li>\n<li>chovn\u00fd* potok Kl\u00e1\u0161tereck\u00fd &#8211; vede p\u0159es Kl\u00e1\u0161terec do \u0159eky<\/li>\n<li>chovn\u00fd potok Podmilesk\u00fd &#8211; vede okolo Louchova a p\u0159es Cibou\u0161ov do \u0159eky<\/li>\n<li>chovn\u00fd* potok Hradi\u0161\u0165sk\u00fd &#8211; vede p\u0159es Verne z\u00f3nu p\u0159es Mikulovice do \u0159eky<\/li>\n<\/ul>\n<p>Potoky ozna\u010den\u00e9 hv\u011bzdi\u010dkou* nenasazujeme pl\u016fdkem pstruha, nebo\u0165 potoky v l\u00e9t\u011b vysychaj\u00ed a nebo se v nich ryba neudr\u017e\u00ed &#8211; slovit 4 kusy pstruha z cel\u00e9ho potoka (Hradi\u0161\u0165sk\u00fd 2016) po dvou letech po vysazen\u00ed pl\u016fdku se fakt nevyplat\u00ed.<\/p>\n","protected":false},"excerpt":{"rendered":"<p>Rev\u00edr se skl\u00e1d\u00e1 z vodn\u00edch ploch pro sportovn\u00ed rybolov a z rybochovn\u00fdch za\u0159\u00edzen\u00ed. Popis rev\u00edru 441045 Oh\u0159e-11 je uveden na str\u00e1nk\u00e1ch S\u00daS a v ryb\u00e1\u0159sk\u00e9m \u0159\u00e1du. Sportovn\u00ed rybolov: Oh\u0159e &#8211; od silni\u010dn\u00edho mostu ve Str\u00e1\u017ei po zatopen\u00fd jez mezi Kl\u00e1\u0161tercem a Kadan\u00ed rybn\u00edk Breitfeldka v Per\u0161tejn\u011b slep\u00e9 rameno \u0159eky zvan\u00e9 Star\u00e1 t\u016f\u0148 ve Str\u00e1\u017ei nad &hellip; <a href=\"http:\/\/www.rybari-klasterec.kabel1.cz\/index.php\/popis-reviru\/\" class=\"more-link\">Pokra\u010dov\u00e1n\u00ed textu <span class=\"screen-reader-text\">Popis rev\u00edru<\/span> <span class=\"meta-nav\">&rarr;<\/span><\/a><\/p>\n","protected":false},"author":1,"featured_media":0,"parent":0,"menu_order":0,"comment_status":"closed","ping_status":"closed","template":"","meta":{"footnotes":""},"_links":{"self":[{"href":"http:\/\/www.rybari-klasterec.kabel1.cz\/index.php\/wp-json\/wp\/v2\/pages\/10"}],"collection":[{"href":"http:\/\/www.rybari-klasterec.kabel1.cz\/index.php\/wp-json\/wp\/v2\/pages"}],"about":[{"href":"http:\/\/www.rybari-klasterec.kabel1.cz\/index.php\/wp-json\/wp\/v2\/types\/page"}],"author":[{"embeddable":true,"href":"http:\/\/www.rybari-klasterec.kabel1.cz\/index.php\/wp-json\/wp\/v2\/users\/1"}],"replies":[{"embeddable":true,"href":"http:\/\/www.rybari-klasterec.kabel1.cz\/index.php\/wp-json\/wp\/v2\/comments?post=10"}],"version-history":[{"count":17,"href":"http:\/\/www.rybari-klasterec.kabel1.cz\/index.php\/wp-json\/wp\/v2\/pages\/10\/revisions"}],"predecessor-version":[{"id":829,"href":"http:\/\/www.rybari-klasterec.kabel1.cz\/index.php\/wp-json\/wp\/v2\/pages\/10\/revisions\/829"}],"wp:attachment":[{"href":"http:\/\/www.rybari-klasterec.kabel1.cz\/index.php\/wp-json\/wp\/v2\/media?parent=10"}],"curies":[{"name":"wp","href":"https:\/\/api.w.org\/{rel}","templated":true}]}}