{"id":86,"date":"2017-01-06T08:16:37","date_gmt":"2017-01-06T07:16:37","guid":{"rendered":"http:\/\/www.rybari-klasterec.kabel1.cz\/wp1\/?page_id=86"},"modified":"2017-01-09T08:12:36","modified_gmt":"2017-01-09T07:12:36","slug":"vznik-oranizace","status":"publish","type":"page","link":"https:\/\/www.rybari-klasterec.kabel1.cz\/index.php\/uvod\/vznik-oranizace\/","title":{"rendered":"Vznik oranizace"},"content":{"rendered":"<p>Ustavuj\u00edc\u00ed sch\u016fze &#8222;RYB\u00c1\u0158SK\u00c9HO SPOLKU&#8220; v Kl\u00e1\u0161terci nad Oh\u0159\u00ed se konala dne 16.\u0159\u00edjna 1945 v&nbsp;19,30&nbsp;hod. v&nbsp;restauraci &#8222;U&nbsp;N\u00c1DRA\u017d\u00cd&#8220; v&nbsp;MI\u0158ETIC\u00cdCH.<br \/>\nUstavuj\u00edc\u00ed sch\u016fzi \u0159\u00eddil br.&nbsp;Josef Rozto\u010dil a d\u00e1le byli p\u0159\u00edtomni tito zakl\u00e1daj\u00edc\u00ed \u010dlenov\u00e9 ryb\u00e1\u0159sk\u00e9ho spolku v Kl\u00e1\u0161terci nad Oh\u0159\u00ed:<\/p>\n<p>BURE\u0160 Karel<br \/>\nCEJHON P\u0159emysl<br \/>\nGREBEN\u00cd\u010cEK Alois<br \/>\nHEJKOVSK\u00dd Josef<br \/>\nHUL\u00cdNSK\u00dd Josef<br \/>\nCHYTR\u00dd V\u00e1clav<br \/>\nJARO\u0160 Josef<br \/>\nJ\u00cdLEK Franti\u0161ek st.<br \/>\nJ\u00cdLEK Franti\u0161ek ml.<br \/>\nKREJ\u010c\u00cd Jaroslav<br \/>\nLEV Franti\u0161ek<br \/>\nSVOBODA Franti\u0161ek<br \/>\nS\u00ddKORA Jaroslav<br \/>\nVO\u0160OUSTOV\u00c1 Ludmila<\/p>\n<p>T\u011bchto 15 \u010dlen\u016f zalo\u017eilo nejen prvn\u00ed ryb\u00e1\u0159sk\u00fd spolek v Kl\u00e1\u0161terci, ale tak\u00e9 prvn\u00ed ryb\u00e1\u0159sk\u00fd spolek v tehdej\u0161\u00edm Karlovarsk\u00e9m kraji.<\/p>\n<p>PRVN\u00cd V\u00ddBOR zvolen\u00fd na tomto jedn\u00e1n\u00ed pracoval a\u017e do roku 1947 v tomto slo\u017een\u00ed:<\/p>\n<table>\n<tr>\n<td>P\u0159edseda<\/td>\n<td>CHYTR\u00dd V\u00e1clav<\/td>\n<\/tr>\n<tr>\n<td>M\u00edstop\u0159edseda<\/td>\n<td>HEJROVSK\u00dd Jan<\/td>\n<\/tr>\n<tr>\n<td>Hospod\u00e1\u0159<\/td>\n<td>LEV Franti\u0161ek<\/td>\n<\/tr>\n<tr>\n<td>Pokladn\u00edk<\/td>\n<td>J\u00cdLEK Franti\u0161ek ml.<\/td>\n<\/tr>\n<tr>\n<td>\u010clenov\u00e9 v\u00fdboru<\/td>\n<td>HUL\u00cdNSK\u00dd Josef<br \/>\nJARO\u0160 Josef<br \/>\nJ\u00cdLEK Franti\u0161ek st.<br \/>\nSVOBODA Franti\u0161ek<br \/>\nS\u00ddKORA Jaroslav\n<\/td>\n<\/tr>\n<\/table>\n<p>Z\u00e1kladn\u00ed kapit\u00e1l ryb\u00e1\u0159sk\u00e9ho spolku \u010dinil vklad 100,- K\u010ds od ka\u017ed\u00e9ho zakl\u00e1daj\u00edc\u00edho \u010dlena.<\/p>\n","protected":false},"excerpt":{"rendered":"<p>Ustavuj\u00edc\u00ed sch\u016fze &#8222;RYB\u00c1\u0158SK\u00c9HO SPOLKU&#8220; v Kl\u00e1\u0161terci nad Oh\u0159\u00ed se konala dne 16.\u0159\u00edjna 1945 v&nbsp;19,30&nbsp;hod. v&nbsp;restauraci &#8222;U&nbsp;N\u00c1DRA\u017d\u00cd&#8220; v&nbsp;MI\u0158ETIC\u00cdCH. Ustavuj\u00edc\u00ed sch\u016fzi \u0159\u00eddil br.&nbsp;Josef Rozto\u010dil a d\u00e1le byli p\u0159\u00edtomni tito zakl\u00e1daj\u00edc\u00ed \u010dlenov\u00e9 ryb\u00e1\u0159sk\u00e9ho spolku v Kl\u00e1\u0161terci nad Oh\u0159\u00ed: BURE\u0160 Karel CEJHON P\u0159emysl GREBEN\u00cd\u010cEK Alois HEJKOVSK\u00dd Josef HUL\u00cdNSK\u00dd Josef CHYTR\u00dd V\u00e1clav JARO\u0160 Josef J\u00cdLEK Franti\u0161ek st. J\u00cdLEK Franti\u0161ek ml. &hellip; <a href=\"https:\/\/www.rybari-klasterec.kabel1.cz\/index.php\/uvod\/vznik-oranizace\/\" class=\"more-link\">Pokra\u010dov\u00e1n\u00ed textu <span class=\"screen-reader-text\">Vznik oranizace<\/span> <span class=\"meta-nav\">&rarr;<\/span><\/a><\/p>\n","protected":false},"author":1,"featured_media":0,"parent":23,"menu_order":0,"comment_status":"closed","ping_status":"closed","template":"","meta":{"footnotes":""},"_links":{"self":[{"href":"https:\/\/www.rybari-klasterec.kabel1.cz\/index.php\/wp-json\/wp\/v2\/pages\/86"}],"collection":[{"href":"https:\/\/www.rybari-klasterec.kabel1.cz\/index.php\/wp-json\/wp\/v2\/pages"}],"about":[{"href":"https:\/\/www.rybari-klasterec.kabel1.cz\/index.php\/wp-json\/wp\/v2\/types\/page"}],"author":[{"embeddable":true,"href":"https:\/\/www.rybari-klasterec.kabel1.cz\/index.php\/wp-json\/wp\/v2\/users\/1"}],"replies":[{"embeddable":true,"href":"https:\/\/www.rybari-klasterec.kabel1.cz\/index.php\/wp-json\/wp\/v2\/comments?post=86"}],"version-history":[{"count":3,"href":"https:\/\/www.rybari-klasterec.kabel1.cz\/index.php\/wp-json\/wp\/v2\/pages\/86\/revisions"}],"predecessor-version":[{"id":93,"href":"https:\/\/www.rybari-klasterec.kabel1.cz\/index.php\/wp-json\/wp\/v2\/pages\/86\/revisions\/93"}],"up":[{"embeddable":true,"href":"https:\/\/www.rybari-klasterec.kabel1.cz\/index.php\/wp-json\/wp\/v2\/pages\/23"}],"wp:attachment":[{"href":"https:\/\/www.rybari-klasterec.kabel1.cz\/index.php\/wp-json\/wp\/v2\/media?parent=86"}],"curies":[{"name":"wp","href":"https:\/\/api.w.org\/{rel}","templated":true}]}}

<p>Ustavující schůze &#8222;RYBÁŘSKÉHO SPOLKU&#8220; v Klášterci nad Ohří se konala dne 16.října 1945 v&nbsp;19,30&nbsp;hod. v&nbsp;restauraci &#8222;U&nbsp;NÁDRAŽÍ&#8220; v&nbsp;MIŘETICÍCH.<br />
Ustavující schůzi řídil br.&nbsp;Josef Roztočil a dále byli přítomni tito zakládající členové rybářského spolku v Klášterci nad Ohří:</p>
<p>BUREŠ Karel<br />
CEJHON Přemysl<br />
GREBENÍČEK Alois<br />
HEJKOVSKÝ Josef<br />
HULÍNSKÝ Josef<br />
CHYTRÝ Václav<br />
JAROŠ Josef<br />
JÍLEK František st.<br />
JÍLEK František ml.<br />
KREJČÍ Jaroslav<br />
LEV František<br />
SVOBODA František<br />
SÝKORA Jaroslav<br />
VOŠOUSTOVÁ Ludmila</p>
<p>Těchto 15 členů založilo nejen první rybářský spolek v Klášterci, ale také první rybářský spolek v tehdejším Karlovarském kraji.</p>
<p>PRVNÍ VÝBOR zvolený na tomto jednání pracoval až do roku 1947 v tomto složení:</p>
<table>
<tr>
<td>Předseda</td>
<td>CHYTRÝ Václav</td>
</tr>
<tr>
<td>Místopředseda</td>
<td>HEJROVSKÝ Jan</td>
</tr>
<tr>
<td>Hospodář</td>
<td>LEV František</td>
</tr>
<tr>
<td>Pokladník</td>
<td>JÍLEK František ml.</td>
</tr>
<tr>
<td>Členové výboru</td>
<td>HULÍNSKÝ Josef<br />
JAROŠ Josef<br />
JÍLEK František st.<br />
SVOBODA František<br />
SÝKORA Jaroslav
</td>
</tr>
</table>
<p>Základní kapitál rybářského spolku činil vklad 100,- Kčs od každého zakládajícího člena.</p>

<p>Ustavující schůze &#8222;RYBÁŘSKÉHO SPOLKU&#8220; v Klášterci nad Ohří se konala dne 16.října 1945 v&nbsp;19,30&nbsp;hod. v&nbsp;restauraci &#8222;U&nbsp;NÁDRAŽÍ&#8220; v&nbsp;MIŘETICÍCH. Ustavující schůzi řídil br.&nbsp;Josef Roztočil a dále byli přítomni tito zakládající členové rybářského spolku v Klášterci nad Ohří: BUREŠ Karel CEJHON Přemysl GREBENÍČEK Alois HEJKOVSKÝ Josef HULÍNSKÝ Josef CHYTRÝ Václav JAROŠ Josef JÍLEK František st. JÍLEK František ml. &hellip; <a href="https://www.rybari-klasterec.kabel1.cz/index.php/uvod/vznik-oranizace/" class="more-link">Pokračování textu <span class="screen-reader-text">Vznik oranizace</span> <span class="meta-nav">&rarr;</span></a></p>
